git of q?
2
Suppose 5*w = -5*t + 30, -2*t + 4*w + 11 = -25. Let v = t + 8. What is the units digit of v?
8
Let x(m) = 5*m - 5. Let d(u) = -3*u - 1. Let l be d(-3). What is the units digit of x(l)?
5
Suppose 5*q = -2*j + 16, 4*j + 3*q - 50 = 2*q. What is the units digit of j?
3
Let g(m) = 40*m + 1. Let i be g(2). Suppose 3*a + i = 6*a. What is the units digit of a?
7
Suppose -3*k = -23 + 2. Let f = 8 - k. What is the units digit of f?
1
Suppose 4*s + 0*s = -u + 23, -2*u + s = -64. What is the units digit of u?
1
Suppose -2*g - 5*x = -1, 5*g - 2*x = 15 + 31. Let v = g - 5. Suppose -v*w + 10 = 2*w. What is the units digit of w?
2
Let r be (-416)/(-14) - (-10)/35. What is the units digit of 2/5 + 498/r?
7
Let y = 3 + -1. Let l be (2 + -2)/(-4 + y). Suppose 2*z - 5*t - 32 = l, 2*z - 4*t - 9 - 19 = 0. What is the units digit of z?
6
Let c(q) = q + 13. Let h(w) = -7. Let g(r) = 4*c(r) + 7*h(r). Let v be g(-2). Let n(a) = -a + 2. What is the units digit of n(v)?
7
Let s be (2 + -4)*(-2 - 1). Suppose -s = 5*g - 46. What is the units digit of g?
8
Let d = -119 + 211. What is the tens digit of d?
9
Let z = 209 + -146. What is the units digit of z?
3
Let k(n) = -4*n - 1. Let o = 10 + -12. What is the units digit of k(o)?
7
Let l(f) = f - 2. Let z be l(4). Suppose s + 5*i + 57 = 0, 171 = -4*s - z*i + i. What is the units digit of ((-2)/3)/(2/s)?
4
Let q = 0 - -4. Suppose o = -f - q*o + 34, -4*f + 2*o + 26 = 0. What is the units digit of f?
9
Suppose -2*h = -57 - 107. What is the units digit of h?
2
Suppose -12*x + 16*x - 8 = 0. What is the units digit of x?
2
Suppose 3*h + 51 = 3*z, 6*z - 19 = 3*z - 5*h. What is the units digit of z?
3
Let z(i) = i**2 + i - 1. Suppose -2*x - 1 = 7. What is the tens digit of z(x)?
1
Let y(r) = r**2 - 6*r - 9. Let j be y(9). Let g = j + -11. What is the units digit of g?
7
Suppose -4*g - 48 = -5*u, 5*g + 13 - 3 = 0. Suppose -5*w + 73 - u = 0. What is the units digit of w?
3
Suppose u - 165 = -5*i, 0 = 3*i - 4*i + u + 39. What is the units digit of i?
4
Let x = 25 - 15. Suppose x = 4*h + 2. Suppose 29 = h*l - k, -3 = -k + 2. What is the tens digit of l?
1
Let k(f) = -4*f. Let r be k(-1). Suppose -r*g + 6*g - 29 = s, -g + 7 = 2*s. What is the units digit of g?
3
Let s = 3 - 0. Suppose -s*l + 0*l = 42. What is the units digit of (-4)/l + 26/7?
4
Let o = 15 + -8. Suppose o*r + 22 = 5*r. Let g = 3 - r. What is the tens digit of g?
1
Let i(m) = -11*m + 14. Let f(p) = 4*p - 5. Let h(d) = 17*f(d) + 6*i(d). Let q(j) = -j**2 - 5*j + 1. Let z be q(-5). What is the units digit of h(z)?
1
Suppose 4*t - 2 = 3*t. Suppose 2*s + 3*m = -t*s + 187, -4*m = -4*s + 180. Suppose -2*p = 4*o - s, 4*o - 3*p + 4*p = 43. What is the tens digit of o?
1
Suppose -2*l - 4*q + 106 = -12, 5*l = 5*q + 220. What is the tens digit of l?
4
Suppose 5*g + 45 = 8*g. What is the units digit of g?
5
Suppose 0*h - 2*h - 4 = 0. Let b be (-32)/12*3/h. What is the units digit of 62/4 + (-2)/b?
5
Let q(l) = -l + 4. Let o be q(4). Let v(p) = p**3 + p**2 + p + 4. What is the units digit of v(o)?
4
Let u(o) = -o**2 + 6*o - 2. Let w be u(6). Let n(i) be the third derivative of -i**5/60 - i**4/6 - i**3/2 + 14*i**2. What is the units digit of n(w)?
1
Let j be (0 - -4)/((-10)/(-85)). Let k = -12 + j. What is the tens digit of k?
2
Let y be ((-20)/6)/((-10)/(-60)). Let a = 58 + y. What is the units digit of a?
8
Let d = -5 - -39. What is the units digit of d?
4
Suppose 4 = -11*j + 9*j. Let n(y) = -4*y + 4. What is the tens digit of n(j)?
1
Suppose -4 + 0 = -g - 2*v, -28 = -4*g - 2*v. Suppose 5*d + w - 12 - g = 0, -5*w = 0. What is the units digit of d?
4
Let a = -14 - -36. What is the tens digit of a?
2
What is the units digit of (-1 - 1)/(16/(-200))?
5
Let y(q) = -q**3 - 8*q**2 - 6*q + 9. Let u be 30/(-4) - (-5)/10. Let g be y(u). Suppose -g*t + 1 = -t. What is the units digit of t?
1
Suppose t + 42 = 2*t. What is the units digit of t?
2
Let m = 7 - 4. Suppose -2*d = -d - 1. Suppose -d = -n + m. What is the units digit of n?
4
What is the tens digit of (72/(-21))/((-10)/35)?
1
What is the units digit of (-35 + 7)*7/(-4)?
9
Let p(g) = g**2 - 6*g + 7. Let k(v) = v**2 - 5*v + 5. Let b be k(5). Let r be p(b). What is the units digit of (2/4)/(r/24)?
6
Let s = -101 + 148. What is the tens digit of s?
4
Let f = -67 - -111. What is the tens digit of f?
4
What is the units digit of 437/7 + 18/(-42)?
2
Let r be 0 - (1 - (1 + -2)). Let k = 3 + r. What is the units digit of k?
1
Let c = -45 + 64. What is the units digit of c?
9
Let u(j) = -15*j + 1. What is the units digit of u(-2)?
1
Let s(o) be the first derivative of 3*o**2 + 2 - 10*o + 1/3*o**3. What is the units digit of s(-8)?
6
Let x(d) = -d**3 + 5*d**2 + 7*d - 7. Let p be x(6). What is the units digit of 0 + p + 11/1?
0
Let b be 0/1*(2 + -1). Let a = b + 11. What is the units digit of a?
1
Let t(v) = v + 2. Suppose -2*f - 4*k - 22 = 0, -4*k - 8 = 3*f - 3*k. Let m be f + 3 - 20/(-5). What is the units digit of t(m)?
8
Suppose 2*u + 2*z = z - 3, 2*u = -5*z + 1. Let f be (u/(-4))/(1/6). Suppose -f*n = -2*n - 15. What is the units digit of n?
5
Suppose 4*r - 3*r - 23 = -5*j, 5*r = 2*j + 7. Suppose 90 = j*z + 26. What is the tens digit of z?
1
Let z(l) = -l**3 + 7*l**2 + 4*l + 5. What is the tens digit of z(7)?
3
Suppose 3*a - 15 = -3*h, 2*a + 0*h = h + 13. What is the units digit of a?
6
What is the units digit of -87*(4/6)/(-2)?
9
Let w = -8 - -6. What is the units digit of w/9 + (-76)/(-18)?
4
Let b = -335 - -471. What is the tens digit of b?
3
What is the tens digit of (-3)/3*(-28 + -1)?
2
Let f be ((-12)/2)/((-12)/(-30)). Let r = f + 28. What is the units digit of r?
3
Let p be (0 + -1)/(12/(-816)). Let j = -32 + p. What is the tens digit of j?
3
Let r(l) = -l**3 - 17*l**2 - 17*l + 3. What is the units digit of r(-16)?
9
Suppose 0 = 4*k - 2*k - 48. Suppose -3*s - s + k = 0. What is the units digit of s?
6
Let j(o) = o**2 + 5*o + 2. Let i be -5 + 1 - 3*1. What is the tens digit of j(i)?
1
Suppose -44 - 1 = 5*o. Let r(v) = -14*v**2 + 44*v + 29. Let t(d) = 5*d**2 - 15*d - 10. Let y(z) = 6*r(z) + 17*t(z). What is the units digit of y(o)?
4
Suppose -2*h - 144 = -4*c, 2*h + 80 = 2*c - h. Let v = c + -22. What is the tens digit of v?
1
Let a be (-4 + 2)*10/4. What is the units digit of (-57)/a - (-10)/(-25)?
1
Suppose -2*b = -5*b + 1095. What is the hundreds digit of b?
3
Let p(c) = -c**3 - 13*c**2 + 14*c + 12. Let j be p(-14). What is the units digit of (1 + (-3)/j)*12?
9
Let w(m) = m**3 - 5*m**2 - 5*m + 1. Let t be w(5). Let b be (2/6)/((-2)/t). Let p = 9 - b. What is the units digit of p?
5
Suppose 0*n = 5*n - 5. Suppose d = 2*d - n. What is the units digit of d?
1
Suppose 4*j = 3*j + 4. Suppose -j*q + 12 = -4. What is the units digit of q?
4
Let n be 2*1*(-17)/(-2). Suppose n = -3*q + 4*q. What is the units digit of q?
7
Let q = 2 - -7. Suppose -q + 4 = -v. What is the units digit of v?
5
Suppose 0 = z + 6 - 10. Suppose -52 = -z*m - 5*o, 3*o = m + o - 26. What is the tens digit of m?
1
Suppose 0 = 4*k - 5*y + 77, -3*k + 15 = -y + 59. Let f = 18 + k. What is the units digit of f?
5
Let o be 10*(3 - (-3)/2). Suppose -2*v = -o + 13. What is the units digit of v?
6
Let g be 0*((-5)/(-2) + -2). Suppose -x = 3*y - 7, 2*y = -g*y - 8. What is the units digit of x?
9
Let i(h) = 171*h - 1. Let v be i(-2). Let a(b) = 3*b**3 - b**2 - 2*b - 1. Let g be a(-1). What is the tens digit of (-2)/g - v/21?
1
Let s = 24 - -17. What is the units digit of s?
1
Let j(r) = -r**2 + 15*r - 21. What is the tens digit of j(5)?
2
Let f(a) = -a**2 - 3*a + 4. Let w be f(-3). Suppose 5*n - h - 98 = 0, 0 = n + 8*h - w*h - 7. What is the units digit of n?
9
Let z be -1*(2/1 - 6). Suppose 2*t + v - 4*v = 58, -z*t + 88 = v. What is the tens digit of t?
2
Let j be (-12)/(-20) - (-6)/15. Let l be (18/(-4))/(18/(-24)). What is the tens digit of (-27)/l*-2 + j?
1
Let p(c) = 29*c**2 - 3*c - 2. What is the units digit of p(-1)?
0
Suppose 3*h + 3*m - 2 = -h, -3*h = 3*m. Suppose -h*o + 12 = -6*o. Let x = o + 4. What is the units digit of x?
1
Suppose 4*t = -p - 44 - 0, 0 = -5*t - p - 56. Let r = t + -6. What is the units digit of 3/r*2*-15?
5
Let x = 1 - 1. Suppose -2*g = -x*g. Suppose g*q - 45 = -3*q. What is the units digit of q?
5
Let r(x) = -x**2 + x + 12. Suppose -3*m 